 2. Suppose 0 = -2*j - f*j. Let q(g) be the second derivative of g**4/12 - 5*g**2 + g. Determine q(j).
-10
Let o(i) = i - 11. Suppose 0 = -0*d - 3*d + 60. Suppose 5*v + d = t, 5*t + 0*v = -3*v - 12. Suppose 6*h - 4*h = t. Give o(h).
-11
Let k(z) = 2*z**3 + 2*z**2 + 2*z + 3. Let f(n) = n**3 + 8*n**2 + n + 1. Let b be f(-8). Let a = b + 5. Calculate k(a).
-9
Let p(g) = -g**3 + 5*g**2 + 5*g - 1. Let f(r) = 4*r**2 + 4*r - 1. Let w(q) = 4*f(q) - 3*p(q). Determine w(1).
4
Suppose 20 = -0*p - 4*p. Let k(t) be the third derivative of -t**6/120 - t**5/10 - t**4/8 + t**3/2 + 2*t**2. Determine k(p).
-7
Let u = 7 - 5. Let d(p) = -1 + p + u + 2. Let q(x) = -x**3 + 3*x**2 + 4. Let y be q(3). What is d(y)?
7
Let z(i) = -i**2 - i. Let y be 6 - 7 - 1/(-1). Give z(y).
0
Let m(h) be the first derivative of -h**2 - 2*h - 1. Let f be 1 - (-3 - -2)*-4. What is m(f)?
4
Let m(k) = 0 + 0 - 4*k - 2 + 0*k + 3*k. Let v(g) = g**2 - 4*g - 5. Let b be v(4). What is m(b)?
3
Let a(q) = 5*q**2 - 3*q. Let y(f) = 16*f**2 - 10*f. Let j(d) = 7*a(d) - 2*y(d). Let z be 16/3 + 8/12. Let t = -5 + z. Give j(t).
2
Let v(x) = -x**3 - x**2 + 14. Suppose 23*f = 31*f. What is v(f)?
14
Let v(u) be the first derivative of -1 + 1/3*u**3 - u - 3/2*u**2. Give v(3).
-1
Let x(h) = h**3 + h + 1. Let z be x(0). Let b(c) be the third derivative of c**4/24 + 4*c**2. Let f(m) = 5*m. Let w(d) = z*f(d) - 4*b(d). What is w(-4)?
-4
Let i(u) be the first derivative of -2*u**2 + 4. Suppose 3 = j + 2. What is i(j)?
-4
Let a(w) = -w**2 + 4*w - 1. Let p be -3*((-5)/(-5))/(-1). Give a(p).
2
Let y(l) be the second derivative of l**5/20 - 2*l**4/3 + l**3 + 2*l**2 + 49*l. Determine y(7).
-3
Let t = 73 + -75. Let n(f) = -f**2 - 5*f - 1. Determine n(t).
5
Let r(j) = -3*j**3 + 19*j**2 - 2*j + 6. Let q(b) = -2*b**3 + 13*b**2 - b + 4. Let h(o) = -7*q(o) + 5*r(o). What is h(2)?
4
Suppose -3*k = 6, k = -4*v + 2*k + 10. Let n(p) = 9 + p**3 + 0*p + 0*p + 0*p**v + p**2. What is n(0)?
9
Let i(o) = o**3 - 2*o + 1. Let z(v) = 7*v**2 - 7*v**2 + 7 + 10*v - v**2. Let d be z(10). Let x = d - 6. Determine i(x).
0
Let x(b) = -b - b**2 + 6 - 6 + 2*b + 3. Calculate x(3).
-3
Let u(k) = -5*k - 1. Let g be u(-2). Let i = 5 - g. Let p(c) = -c - 4. What is p(i)?
0
Let z = -13 + 11. Let t(r) = -r**2 - 5*r - 1. What is t(z)?
5
Let i(s) = -s**2 - 5*s - 3. Let y be i(-4). Let p(z) = -24*z**2 - 2*z + 1. Determine p(y).
-25
Let p(r) = -r + 13. Let h be p(9). Suppose f + 4 = 0, -7 - 3 = 3*w + h*f. Let m(g) = -g - g + 5*g. Determine m(w).
6
Let v(o) = -o**3 + o**2 - 2*o + 2. Let b = 4 + -6. Let w be (-6)/b*2/3. Suppose 4 = q + w. Give v(q).
-6
Suppose -n + m - 1 = 0, 3*n + 2*m + 2 = 4. Let p(c) = -c**3 + c**2 + 3*c - 2. Let o be p(2). Let t(j) = -10 + 0*j + o - 4 - j. What is t(n)?
-14
Suppose 5*a = -16 + 1. Let w(z) be the first derivative of z**7/840 + z**6/90 + z**3/3 - 2. Let p(q) be the third derivative of w(q). Calculate p(a).
9
Let h(y) = -y**3 + 6*y**2 - 5*y - 1. Let w be h(5). Let p(n) be the first derivative of 5*n**2/2 + n - 3. Calculate p(w).
-4
Let i(s) = -s**3 - 3*s**2 + 6*s + 2. Let q be (-6)/(-4)*8/6. Suppose 5*c + 12 = q*c. What is i(c)?
-6
Let w(u) = -2*u + 5*u - u + u**2 + 7 + 4*u. Let x = 5 - 3. Let l be (1 - x)/(1/6). Calculate w(l).
7
Let m(g) = -9*g**3 + 11*g**2 + 4*g + 7. Let i(b) = 8*b**3 - 10*b**2 - 3*b - 6. Let l(x) = -7*i(x) - 6*m(x). Calculate l(2).
-6
Let a(u) = 2*u + 2. Let m be a(-4). Let q(n) = -n**3 - 5*n**2 + 6*n - 4. Determine q(m).
-4
Let q(v) = 0*v - 4 - 5*v - 2*v - v**2 + 2. Let k be -1*(-3)/(-1) + -2. Give q(k).
8
Let d(n) = n**3 + 2*n**2 + n - 1. Let j = 52 - 54. Determine d(j).
-3
Suppose -4*x - 8 - 8 = 0. Let t(j) be the second derivative of j**5/20 + j**4/3 - j**3/2 - 2*j**2 + 2*j. Determine t(x).
8
Suppose -7*r = x - 3*r - 14, 2*x - 14 = -r. Let w(u) = -u**3 + 4*u + 0 + x*u**2 - 2*u**2 + 2. Determine w(5).
-3
Let l(f) = -6*f**3 + 1 - f**2 - 12*f + 10*f**3 + 11*f. Let m(o) = -2*o**2 - o. Let z be m(1). Let t = z - -4. What is l(t)?
3
Suppose -26 = 5*x - 1. Let t(y) = -y - 3. Let z be t(x). Let s(j) = 2*j**3 - 3*j**2 + 3*j - 2. What is s(z)?
8
Let w = -14 - -7. Let o = w + 9. Let d(n) = -4*n + 2*n + n + o. Give d(-4).
6
Let g(z) = -3*z**3 + 5*z**2 - 3*z + 5. Let b(p) = -4*p**3 + 4*p**2 - 4*p + 4. Let c(v) = -2*b(v) + 3*g(v). Determine c(7).
0
Suppose 0 = 2*l + l - 12. Suppose -l*a - 5*j = -j - 12, -5*a + 18 = 2*j. Let k(q) = 3 - 5*q - a + q**2 + 2 + 1. What is k(4)?
-2
Let j be (-2)/(-4)*(0 - 2). Let m(b) = -b**2 - 7*b - 1. Let y be m(-6). Let q(d) = 1 - y - 4*d - d**2 + 5 + 5*d. Determine q(j).
-1
Suppose -8 = -2*a - 2. Let j(t) = -4*t - t**2 + 5 + a - 5. Calculate j(-4).
3
Let b be ((-8)/(-4))/(2/4). Let t(x) = x - 1. Let p be t(3). Let j be 1/p - 22/b. Let m(y) = -2*y - 6. What is m(j)?
4
Suppose -n = -3*m + 2, n - 20 = -2*m - 3*n. Let w(g) be the second derivative of -g**3 + g. Give w(m).
-12
Suppose 0 = r + 4*a + 5 - 3, 0 = -2*r + 5*a + 9. Let z(j) = 5*j + 1 - 5*j + r*j. Let m be ((-4)/10)/((-2)/10). Give z(m).
5
Let g be (-129)/(-15) + 2/5. Let z(i) = g - 2 + 12*i**2 + 5*i - 11*i**2. Determine z(-5).
7
Let n(q) = 4*q + 7. Let a be n(-3). Let c(b) = 6*b**2 + 2*b**2 + b**3 - 4*b**2 + 7 - 4*b. Give c(a).
2
Let h(i) = -4*i - 1. Suppose 0 = -3*d - 6, 0 = -n + d - 5 + 1. Let m be (n/(-4)*-4)/2. What is h(m)?
11
Let d = 38 - 31. Let r(x) = -x**3 + 7*x**2 + 2*x - 8. Give r(d).
6
Let n(x) = x**3 - 3*x**2 + x - 1. Let i be 2/(-1)*7/(-2). Let k = 11 + i. Let u be 2/9 - (-50)/k. Calculate n(u).
2
Let l(g) = g**2 - 6*g + 2. Let f be 5/(2*5/10). Give l(f).
-3
Let i(p) = p**3 + p - 9. Let l(q) be the second derivative of -1/12*q**4 + 9/2*q**2 - 4/3*q**3 - 2*q + 0. Let t be l(-9). Calculate i(t).
-9
Let l(y) = 2*y**3 + 9*y**2 + y + 8. Let p(j) = -2*j**3 - 8*j**2 - j - 7. Let g(s) = -6*l(s) - 7*p(s). Give g(-2).
-9
Let b(r) be the third derivative of r**4/12 + r**3/2 + 8*r**2. What is b(-4)?
-5
Let s(f) = -3*f + 15*f + 1 - 3*f + f**2. Determine s(-9).
1
Let z(r) be the second derivative of -2*r**4/3 + r**3/6 + 10*r. Determine z(-1).
-9
Let v(p) = p**2 + p - 13. Let o(l) = 2*l**2 + 3*l - 25. Let d(j) = -2*o(j) + 5*v(j). Calculate d(0).
-15
Suppose 4 = -5*m - 11. Let h(r) = -r**3 - r**2 + 3*r - 2. Calculate h(m).
7
Let j(o) = -o + 1. Let s(b) = -4*b + 4. Let i(t) = -5*j(t) + s(t). Give i(3).
2
Let c(k) = 3*k**2 + 8*k + 9. Let u(m) = -m**2 - m - 1. Let r(a) = c(a) + 4*u(a). Give r(5).
0
Let f(q) = -3*q**3 - 13*q**2 + 5*q + 6. Let t(r) = 1 + r**2 - 3*r - 4 + 2*r**3 + 6*r**2. Let c(y) = 3*f(y) + 5*t(y). Calculate c(4).
3
Let v(o) = 6*o**2 - 1. Let d(h) = -h**3 + 11*h**2 - 10*h + 4. Let a be d(10). Suppose -1 = -a*t + 3. Let c be 1*(t/1)/1. Calculate v(c).
5
Let r(z) = 4*z. Let g be -3 + 50 - (0 + 2). Let w be (-4)/(-18) + 35/g. Calculate r(w).
4
Let i(z) = -3*z**2 - 9*z - 1. Let h(b) = 7*b**2 + 19*b + 2. Let g(r) = 2*h(r) + 5*i(r). What is g(-7)?
-1
Suppose -17 = -3*z - 29. Let a(g) = 2*g - 4. Give a(z).
-12
Suppose 0 = -r + 4*y + 14, 0 = -3*r - 0*r - 3*y - 3. Let q(h) be the third derivative of -h**4/8 - h**3/6 + h**2. Give q(r).
-7
Let l(z) = -2*z + 13. Let g(r) = -r**3 + 18*r**2 + 19*r + 10. Let s be g(19). Determine l(s).
-7
Let p(g) = -g. Let m(f) = 7*f + 1. Let w(j) = -m(j) - 4*p(j). What is w(1)?
-4
Let b(h) = h - 2. Let k(v) = -v**2 + 4*v + 6. Let w be k(5). Give b(w).
-1
Let k(d) be the first derivative of -2*d**3/3 - 2*d**2 + d + 3. Let z(q) = 5*q**2 + q**2 - 2*q**2 - 3 + 8*q. Let b(a) = 5*k(a) + 2*z(a). Calculate b(-3).
-7
Let l(n) = -n**2 - 9*n - 8. Let b be (-9)/(-12) + 33/4. Let m = b + -16. Let t be l(m). Let s(r) = r**3 - 5*r**2 - 8*r + 6. Give s(t).
-6
Let s(v) = -v**2 + 9*v - 8. Let p(w) = -w**2 - 9*w + 7. Let i be p(-9). What is s(i)?
6
Let g(n) = -n**2 + 7*n - 2. Let a be g(5). Let j(t) = -t**3 + 7*t**2 + 8*t - 3. Let z be j(a). Let i(h) = h**2 + 2*h - 2. What is i(z)?
1
Let o be 10/(-4)*(8 - 18). Let i = o - 21. Let l(b) be the second derivative of -b**3/6 + b**2/2 + b. Calculate l(i).
-3
Let y(k) = k + 1. Let x be y(1). Let j(t) = 2*t**2. Calculate j(x).
8
Let d(c) = -c + 13. Let t(j) = 5*j - 66. Let k(s) = 11*d(s) + 2*t(s). Let b = 4 - 4. Let y = b + 6. Give k(y).
5
Let f(v) = 4*v**3 + 8*v**2 - 1 - 2*v**3 - 7*v**2. Give f(-2).
-13
Let p(g) be the third derivative of -g**7/2520 - g**6/180 + g**5